 of 2?
False
Does 72 divide 37440?
True
Is 54551 a multiple of 24?
False
Does 6 divide 138?
True
Is 266 a factor of 38836?
True
Is 161 a multiple of 23?
True
Is 211 a multiple of 28?
False
Does 98 divide 3528?
True
Does 33 divide 99?
True
Is 27 a factor of 11869?
False
Does 36 divide 1431?
False
Is 306 a multiple of 9?
True
Is 25 a factor of 1725?
True
Is 368 a multiple of 8?
True
Is 11 a factor of 247?
False
Does 68 divide 5538?
False
Does 49 divide 7889?
True
Is 220 a factor of 6380?
True
Is 1050 a multiple of 7?
True
Does 15 divide 12573?
False
Is 30 a multiple of 10?
True
Does 15 divide 1995?
True
Does 10 divide 1249?
False
Does 8 divide 59326?
False
Is 22720 a multiple of 80?
True
Does 10 divide 620?
True
Is 193 a factor of 7339?
False
Is 4 a factor of 98?
False
Is 8 a factor of 1047?
False
Does 29 divide 873?
False
Is 10 a factor of 19262?
False
Is 106 a factor of 6533?
False
Is 4 a factor of 72?
True
Does 2 divide 330?
True
Is 98770 a multiple of 7?
True
Does 39 divide 9988?
False
Does 13 divide 1092?
True
Is 26 a factor of 8178?
False
Is 8 a factor of 44108?
False
Does 87 divide 69535?
False
Is 23832 a multiple of 36?
True
Does 4 divide 1911?
False
Is 4314 a multiple of 140?
False
Does 33 divide 2117?
False
Is 11704 a multiple of 8?
True
Is 1397 a multiple of 57?
False
Is 4131 a multiple of 51?
True
Is 204 a multiple of 8?
False
Is 11 a factor of 275?
True
Does 14 divide 440?
False
Is 55 a factor of 1155?
True
Is 4004 a multiple of 146?
False
Is 68 a factor of 2176?
True
Does 5 divide 26286?
False
Is 25 a factor of 6450?
True
Does 5 divide 4520?
True
Does 42 divide 1705?
False
Is 333 a multiple of 9?
True
Does 2 divide 72?
True
Is 41 a factor of 68858?
False
Does 88 divide 418?
False
Does 76 divide 7400?
False
Is 1267 a multiple of 82?
False
Is 406 a multiple of 29?
True
Is 55 a factor of 2640?
True
Is 7 a factor of 569?
False
Is 45 a factor of 26235?
True
Does 22 divide 748?
True
Is 18 a factor of 9018?
True
Is 60 a multiple of 8?
False
Does 3 divide 3175?
False
Is 1330 a multiple of 14?
True
Is 56 a factor of 5187?
False
Does 53 divide 636?
True
Is 53973 a multiple of 314?
False
Is 1456 a multiple of 56?
True
Is 13 a factor of 907?
False
Is 1582 a multiple of 21?
False
Is 63508 a multiple of 15?
False
Is 221 a multiple of 28?
False
Is 8189 a multiple of 77?
False
Is 29 a factor of 1850?
False
Does 12 divide 7464?
True
Is 990 a multiple of 66?
True
Does 51 divide 22373?
False
Is 57 a factor of 105450?
True
Does 162 divide 14739?
False
Is 48 a factor of 19158?
False
Is 17 a factor of 109465?
False
Is 37 a factor of 816?
False
Is 11 a factor of 45288?
False
Does 158 divide 82792?
True
Does 11 divide 25225?
False
Is 11346 a multiple of 8?
False
Is 27 a factor of 2346?
False
Does 152 divide 27237?
False
Is 5 a factor of 20310?
True
Is 27 a factor of 2298?
False
Is 10867 a multiple of 195?
False
Is 10355 a multiple of 5?
True
Is 17010 a multiple of 168?
False
Is 22 a factor of 1364?
True
Is 286 a multiple of 3?
False
Is 2 a factor of 137?
False
Is 1400 a multiple of 38?
False
Is 1036 a multiple of 28?
True
Is 5143 a multiple of 84?
False
Does 80 divide 344?
False
Is 11 a factor of 25894?
True
Is 1917 a multiple of 27?
True
Does 49 divide 41135?
False
Is 67 a multiple of 7?
False
Is 15391 a multiple of 43?
False
Does 10 divide 1656?
False
Is 12 a factor of 2149?
False
Does 20 divide 2060?
True
Is 7581 a multiple of 10?
False
Is 26 a factor of 1911?
False
Is 90 a factor of 70794?
False
Does 25 divide 5209?
False
Is 548 a factor of 172600?
False
Does 88 divide 7087?
False
Is 5637 a multiple of 4?
False
Is 38396 a multiple of 331?
True
Does 40 divide 520?
True
Is 33 a factor of 59503?
False
Does 3 divide 246?
True
Is 22058 a multiple of 12?
False
Is 1215 a multiple of 16?
False
Is 4 a factor of 2899?
False
Does 119 divide 111928?
False
Is 248 a multiple of 4?
True
Does 13 divide 489?
False
Is 54 a multiple of 6?
True
Is 3 a factor of 198?
True
Is 30 a factor of 10410?
True
Does 35 divide 1225?
True
Is 32 a factor of 1824?
True
Is 251 even?
False
Does 4 divide 2364?
True
Does 6 divide 17197?
False
Is 23 a factor of 4577?
True
Does 37 divide 1961?
True
Does 5 divide 6396?
False
Does 20 divide 13940?
True
Is 12 a factor of 161032?
False
Is 35 a factor of 20825?
True
Is 24 even?
True
Is 27310 a multiple of 28?
False
Does 144 divide 42594?
False
Is 74 a multiple of 74?
True
Does 10 divide 3310?
True
Is 3312 a multiple of 18?
True
Is 17305 a multiple of 4?
False
Does 16 divide 848?
True
Does 22 divide 550?
True
Is 3144 a multiple of 9?
False
Is 104 a factor of 15815?
False
Does 33 divide 2541?
True
Is 23 a factor of 6068?
False
Is 17 a factor of 952?
True
Does 12 divide 2268?
True
Is 715 a multiple of 13?
True
Is 74 a factor of 6066?
False
Is 39 a factor of 495?
False
Does 250 divide 26750?
True
Does 167 divide 21042?
True
Does 4 divide 396?
True
Is 21 a factor of 1575?
True
Is 6260 a multiple of 132?
False
Does 41 divide 533?
True
Is 4176 a multiple of 24?
True
Is 3768 a multiple of 82?
False
Does 24 divide 144?
True
Does 93 divide 8774?
False
Is 20 a factor of 1849?
False
Does 13 divide 5593?
False
Is 23720 a multiple of 10?
True
Is 11 a factor of 20570?
True
Does 20 divide 208?
False
Is 317 a multiple of 15?
False
Is 3266 a multiple of 25?
False
Is 3342 a multiple of 70?
False
Does 15 divide 30?
True
Does 3 divide 6154?
False
Is 4310 a multiple of 18?
False
Is 24762 a multiple of 87?
False
Does 45 divide 3420?
True
Does 12 divide 504?
True
Does 29 divide 15056?
False
Is 47 a factor of 18941?
True
Does 16 divide 3184?
True
Is 314 a multiple of 44?
False
Is 72947 a multiple of 7?
True
Does 42 divide 20741?
False
Does 224 divide 62496?
True
Is 132 a factor of 8184?
True
Is 22 a factor of 607?
False
Is 29 a factor of 7627?
True
Is 1054 a multiple of 28?
False
Does 9 divide 247?
False
Does 8 divide 9583?
False
Is 660 a multiple of 22?
True
Does 3 divide 83?
False
Is 111 a factor of 4130?
False
Is 3762 a multiple of 58?
False
Is 14 a factor of 1251?
False
Is 27 a factor of 42448?
False
Does 25 divide 97550?
True
Is 12 a factor of 293?
False
Is 1064 a multiple of 28?
True
Is 68 a factor of 5984?
True
Is 281 a multiple of 23?
False
Is 21 a factor of 9954?
True
Is 2910 a multiple of 55?
False
Is 156102 a multiple of 51?
False
Is 22 a factor of 26?
False
Is 52 a multiple of 4?
True
Does 102 divide 6730?
False
Does 10 divide 1300?
True
Does 19 divide 982?
False
Is 1161 a multiple of 27?
True
Does 8 divide 290?
False
Does 20 divide 454?
False
Is 7 a factor of 144?
False
Is 55342 a multiple of 31?
False
Is 7271 a multiple of 30?
False
Does 3 divide 129?
True
Does 106 divide 23002?
True
Is 3633 a multiple of 13?
False
Does 8 divide 165?
False
Is 1709 a multiple of 68?
False
Is 169 a factor of 39110?
False
Is 2 a factor of 14?
True
Is 120 a multiple of 3?
True
Does 16 divide 5313?
False
Does 28 divide 10703?
False
Is 115 a factor of 3843?
False
Is 3840 a multiple of 48?
True
Is 12 a factor of 444?
True
Is 20 a factor of 2660?
True
Is 32 a factor of 659?
False
Does 30 divide 274?
False
Does 69 divide 621?
True
Is 8646 a multiple of 12?
False
Is 12507 a multiple of 84?
False
Is 216 a multiple of 18?
True
Is 22 a factor of 1319?
False
Is 34 even?
True
Does 41 divide 1968?
True
Does 11 divide 44?
True
Is 5 a factor of 5447?
False
Is 7 a factor of 378?
True
Is 1935 a multiple of 43?
True
Is 25701 a multiple of 8?
False
Is 20 a factor of 903?
False
Is 32677 a multiple of 292?
False
Is 1385 a multiple of 11?
False
Is 6318 a multiple of 78?
True
Does 4 divide 482?
False
Is 90 a factor of 2610?
True
Does 23 divide 30213?
False
Is 121 a multiple of 11?
True
Is 11 a factor of 56?
False
Is 62 a factor of 18538?
True
Is 18 a factor of 6893?
False
Is 59 a factor of 531?
True
Does 82 divide 29567?
False
Is 95 a factor of 3135?
True
Is 108 a multiple of 6?
True
Does 24 divide 65?
False
Is 136 a multiple of 34?
True
Is 1323 a multiple of 39?
False
Does 13 divide 2177?
False
Does 10 divide 30?
True
Is 610 a multiple of 18?
False
Does 14 divide 14?
True
Is 9 a factor of 2250?
True
Is 117 a multiple of 39?
True
Is 26024 a multiple of 8?
True
Is 1896 a multiple of 80?
False
Is 47 a factor of 2160?
False
Is 105 a multiple of 3?
True
Is 17330 a multiple of 124?
False
Does 3 divi